h. Calculate the remainder when r is divided by h.
43
Let q(p) = 8*p - 67. Let v be ((-65)/(-39))/((-2)/6). Let n(f) = 4*f - 34. Let c(d) = v*n(d) + 3*q(d). Calculate the remainder when c(11) is divided by 4.
1
Let d(j) = -j**2 + 4*j - 1. Let u be d(3). Suppose 4 = -3*v - u, -5*z = 5*v - 115. Suppose -23 - z = -6*q. Calculate the remainder when 31 is divided by q.
7
Suppose 3*s + 16*q - 9 = 17*q, 0 = s - 3*q - 3. Suppose s*d + 870 = 13*d. What is the remainder when d is divided by 22?
21
Suppose 141*i - 123*i - 36746 = 10450. Calculate the remainder when i is divided by 45.
12
Let w be ((-8)/(-20))/((-2)/(-10)). Let x be ((-1)/w - -2)/(4/288). Suppose -x = -16*o + 132. Calculate the remainder when 51 is divided by o.
6
Let b(u) = u + 16. Let w be b(-18). Let k be (219/w + -1)/(2/(-4)). Let h = k - 94. Calculate the remainder when h is divided by 32.
31
Suppose -3*h - 16 = -7*h. Suppose 0 = -q - 1, -b - h*b = -5*q - 1070. What is the remainder when b is divided by 43?
41
Suppose 25*p = -8*p - 990. Let d(k) = -7*k + 2. Let a be d(-6). Let t = a + p. Calculate the remainder when 52 is divided by t.
10
Let k be (-11 - 28) + 2*1. Calculate the remainder when -5 + (-4 - -3*k/(-3)) is divided by 7.
0
Let l = -271 - -413. Suppose -136*k + l*k = 780. What is the remainder when k is divided by 20?
10
Let l = 25 + 215. What is the remainder when 77 is divided by 32/l + (-386)/(-30)?
12
Let t(p) = -p**2 - 9*p - 14. Let y be (-1*1)/((-10)/(-40)). Let s be t(y). Suppose -121 = -s*o + 35. Calculate the remainder when o is divided by 15.
11
Let u(h) = 6*h - 65. Let c be u(12). Suppose 6*p = c*p - 130. Calculate the remainder when p is divided by 7.
4
Let s = -11198 - -11365. Calculate the remainder when 1995 is divided by s.
158
Let m be 25/9 - 3 - 4/(-18). Let j = 20 + -17. What is the remainder when m - (-3 + 14)*-1 is divided by j?
2
Let o be (-1)/(-3) + 208/(-48) + 15. Suppose -o*m - 15*m = -12766. What is the remainder when m is divided by 13?
10
Let k be (-7)/((35/(-25))/7). Let w = k + -22. What is the remainder when w is divided by 9?
4
Let s(p) = -p**2 - 113*p - 1291. What is the remainder when s(-89) is divided by 16?
13
Let l = -19806 + 20039. What is the remainder when 2547 is divided by l?
217
Suppose 2*j - 5*a - 458 - 394 = 0, -5*j + 2115 = -5*a. Let h = 499 - j. Calculate the remainder when h is divided by -2 - -1 - (-43 - -1).
37
Let r(t) = 2*t**2 - 5*t + 2. Let a(x) = 3*x + 86. Let n be a(-28). Suppose n*f + i = 174, 2*f = -f - i + 261. Calculate the remainder when f is divided by r(6).
43
Let o be (2 + -75)/(1 + 42/(-36)). Suppose 13*g + o = 1725. Calculate the remainder when g is divided by 34.
31
Suppose 0 = -45*h + 1761 + 3729. Calculate the remainder when 1213 is divided by h.
115
Let p be 9*4*2/24*-3. Let y(l) = -l**3 - 9*l**2 + l + 33. Let u be y(p). Let h = 64 - u. What is the remainder when h is divided by 7?
5
Calculate the remainder when 7256 is divided by ((-6372)/702)/(6/(-39)).
58
Suppose 5*x - 5*r = 6*x - 15, 60 = 2*x + 4*r. Let s be (-4)/8*-4*(-3)/6. Calculate the remainder when x is divided by (15 - s) + (-35 - -40).
19
Suppose -123*n - 5*w = -128*n + 360, 0 = 3*n + 4*w - 216. Calculate the remainder when 224 is divided by n.
8
Let x(z) = z**3 - 12*z**2 - 91*z + 264. What is the remainder when 6477 is divided by x(17)?
159
What is the remainder when 51 is divided by (2 - (-58 + 48/6 - 1)) + -5?
3
Let i(o) = o**3 - 3*o**2 + 2*o + 1. Let a be i(3). Let j be 260/24 + (-82)/(-492). Suppose 0 = a*s - j - 59. What is the remainder when s is divided by 3?
1
Suppose 3*f - 165 = -5*g, 0*g + 5*g - f = 145. Suppose -140*x + 134*x + 595 = -5*y, 5*y + 385 = 4*x. What is the remainder when x is divided by g?
15
Suppose 0 = 2*m + 3*d - 1205, -60*d + 1816 = 3*m - 64*d. What is the remainder when m is divided by 23?
6
Let c = -225 + 396. Suppose -c = -5*w - 46. What is the remainder when 92 is divided by w?
17
Let l = 851 + -851. Suppose -4*a + 80 = -2*b + 2, l = -5*b + 5. What is the remainder when 53 is divided by a?
13
Let k = 27 - 13. Suppose 0 = -130*a + 83*a + 4465. What is the remainder when a is divided by k?
11
Let g = 275 - 37. What is the remainder when g is divided by ((-2)/(-4) - 1)*2 + 31?
28
Let q be 12/21 + (33/(-21) - 1). Calculate the remainder when ((-2109)/185)/(q/10) is divided by 20.
17
Suppose 53 - 23 = 6*b. Suppose 0*n - 3*u = -n + 18, 4*u - 90 = -b*n. What is the remainder when 34 is divided by n?
16
Let l(h) = -h**2 + 57*h + 999. Suppose -3*p - 15 = 2*b - 43, 3*b = 3*p + 27. Calculate the remainder when l(-11) is divided by b.
9
Let q(f) = -47*f**2 + 446*f + 86. What is the remainder when q(9) is divided by 19?
8
Suppose -99 - 261 = -8*v. Let n = 50 - v. Suppose 2*t = 5*z - 31, -t = 5*z - 17 - n. What is the remainder when 9 is divided by z?
4
Suppose -31*x - 8*x + 43290 = 0. Suppose 370 = -5*i + x. Let d = -38 + 68. Calculate the remainder when i is divided by d.
28
Let w = 6534 - 6512. Calculate the remainder when 583 is divided by w.
11
Suppose 2*k + 0*k + 5*y - 39 = 0, -2*k + 24 = 2*y. Suppose 0 = -k*s + 12*s - 640. What is the remainder when s is divided by 67?
61
Calculate the remainder when 6173 is divided by 351/364*((-80)/(-3))/(-10)*-49.
125
Calculate the remainder when 418 is divided by (12/(-39))/(-2) - (-291342)/767.
38
Let l = -13201 + 13225. Calculate the remainder when 98 is divided by l.
2
Let b(h) = 4*h**2 - 18*h + 33. Let f be b(5). Suppose -85 = 41*i - f*i + 3*o, -5*i + 193 = -o. Calculate the remainder when i is divided by 8.
6
Let z = 178 + -175. Calculate the remainder when 186 is divided by (-1)/z - 2/((-48)/584).
18
Let y = 3056 - 2872. Calculate the remainder when 694 is divided by y.
142
Let s = 323 - 318. Suppose -b + 100 = s*j, 3*j - 3*b - b = 83. What is the remainder when 31 is divided by j?
10
Calculate the remainder when 959 is divided by 2*(-14 - (-76)/4).
9
Let k be -1 - (6/4)/(6/276). Let v = -109 - k. Let p = v - -56. What is the remainder when p is divided by 11?
6
What is the remainder when 33696/520*((-90)/4)/(-3) is divided by 76?
30
Suppose -4*n - 4 = 2*j, 0 = 2*j - 6*n + 2*n + 20. What is the remainder when (3 + -2)*(-486)/j is divided by 12?
9
Let r(l) = 5*l**2 + 30*l + 14. Let w(j) = 5*j**2 + 26*j + 13. Let n(u) = -4*r(u) + 5*w(u). Calculate the remainder when 18 is divided by n(-1).
2
Let u = 24 - 22. Suppose u*t - 4*x = -352, -5*t + 4*x - 798 = 76. Let p = 366 + t. What is the remainder when p is divided by 15?
12
Suppose -19*a - 7560 = 15354. Let g = 1224 + a. Let j = 122 + -60. Calculate the remainder when j is divided by g.
8
Suppose 307 + 117 = -8*m. Let i(u) = u**3 + 53*u**2 - 2*u - 17. Let d = -51 + 77. Calculate the remainder when i(m) is divided by d.
11
Let g = -26476 + 27291. What is the remainder when g is divided by 245?
80
Let u be 5*(-19 - (-1 + (-1)/(-1))). Suppose -68 = -4*f + 4*a, 3*a + 104 = 4*f + 8*a. What is the remainder when f is divided by (-1 - (-6)/5) + (-1026)/u?
10
Let n(v) = 3*v**2 + 35*v + 42. Let z be n(-10). Let f = -29 - -57. Let a = f - z. Calculate the remainder when 100 is divided by a.
28
Let y(j) = 2*j**3 + 2*j**2 - j. Let x be y(1). Suppose -3*z - x*l + 5 = -2*z, 4*l = -16. Calculate the remainder when 122/(-6)*(13 + -16) is divided by z.
10
Let l = -16 - -22. Suppose -6 - l = -4*g. What is the remainder when (16/4 + 3)/(3 + -2) is divided by g?
1
Let f be 56 + ((-10)/(-1))/5 + 2. Let j = -21 + f. What is the remainder when 77 is divided by j?
38
Let h = 4179 - 2385. Suppose 0 = -23*n + 5313 - h. What is the remainder when n is divided by 12?
9
Let m be 16/6 + 3/9. Suppose -11*o + o = -40. Suppose m*a + 5*f - 6 = 13, -29 = -a + o*f. Calculate the remainder when 48 is divided by a.
9
Let f = -49167 + 49178. Suppose 0 = -2*r + 14 - 4. Suppose -3*t + 51 = -3*w, -2*t + r*w = -17 - 5. What is the remainder when t is divided by f?
10
Let k = -4685 + 4749. What is the remainder when 455 is divided by k?
7
Let v(z) = 2*z**2 + 35*z + 87. Calculate the remainder when 124 is divided by v(-15).
4
Suppose x = -142 - 162. Let r = x + 359. Calculate the remainder when r is divided by 284/14 + (-2)/7.
15
Suppose -293*d + 37687 - 7288 + 50762 = 0. What is the remainder when d is divided by 156?
121
Let v be 2*1*(-2 + 3). Suppose 22 = 4*b - v*a, 